{"id":3693,"date":"2018-05-14T13:25:49","date_gmt":"2018-05-14T10:25:49","guid":{"rendered":"http:\/\/lnmyu.fi\/rantalakeusjuoksu\/?page_id=3693"},"modified":"2021-06-14T10:48:47","modified_gmt":"2021-06-14T07:48:47","slug":"ilmoittautuminen-kisaan","status":"publish","type":"page","link":"http:\/\/lnmyu.fi\/rantalakeusjuoksu\/ilmoittautuminen-kisaan\/","title":{"rendered":"Ilmoittautuminen kisaan"},"content":{"rendered":"\t\t<div data-elementor-type=\"wp-page\" data-elementor-id=\"3693\" class=\"elementor elementor-3693\" data-elementor-settings=\"[]\">\n\t\t\t\t\t\t\t<div class=\"elementor-section-wrap\">\n\t\t\t\t\t\t\t<section class=\"elementor-section elementor-top-section elementor-element elementor-element-f8bc864 elementor-section-boxed elementor-section-height-default elementor-section-height-default\" data-id=\"f8bc864\" data-element_type=\"section\">\n\t\t\t\t\t\t<div class=\"elementor-container elementor-column-gap-default\">\n\t\t\t\t\t<div class=\"elementor-column elementor-col-100 elementor-top-column elementor-element elementor-element-9078227\" data-id=\"9078227\" data-element_type=\"column\">\n\t\t\t<div class=\"elementor-widget-wrap elementor-element-populated\">\n\t\t\t\t\t\t\t\t<section class=\"elementor-section elementor-inner-section elementor-element elementor-element-3b129b5 elementor-section-boxed elementor-section-height-default elementor-section-height-default\" data-id=\"3b129b5\" data-element_type=\"section\">\n\t\t\t\t\t\t<div class=\"elementor-container elementor-column-gap-default\">\n\t\t\t\t\t<div class=\"elementor-column elementor-col-50 elementor-inner-column elementor-element elementor-element-08f52c6\" data-id=\"08f52c6\" data-element_type=\"column\" data-settings=\"{&quot;background_background&quot;:&quot;classic&quot;}\">\n\t\t\t<div class=\"elementor-widget-wrap elementor-element-populated\">\n\t\t\t\t\t\t\t\t<div class=\"elementor-element elementor-element-8ea713e elementor-widget elementor-widget-heading\" data-id=\"8ea713e\" data-element_type=\"widget\" data-widget_type=\"heading.default\">\n\t\t\t\t<div class=\"elementor-widget-container\">\n\t\t\t<h2 class=\"elementor-heading-title elementor-size-default\">Ilmoittaudu kisaan t\u00e4ytt\u00e4m\u00e4ll\u00e4 ja l\u00e4hett\u00e4m\u00e4ll\u00e4 alla oleva lomake. T\u00e4yt\u00e4 kaikki kohdat huolellisesti.<\/h2>\t\t<\/div>\n\t\t\t\t<\/div>\n\t\t\t\t<div class=\"elementor-element elementor-element-0492cad elementor-widget elementor-widget-shortcode\" data-id=\"0492cad\" data-element_type=\"widget\" data-widget_type=\"shortcode.default\">\n\t\t\t\t<div class=\"elementor-widget-container\">\n\t\t\t\t\t<div class=\"elementor-shortcode\"><div role=\"form\" class=\"wpcf7\" id=\"wpcf7-f3186-o1\" lang=\"fi\" dir=\"ltr\">\n<div class=\"screen-reader-response\"><\/div>\n<form action=\"\/rantalakeusjuoksu\/wp-json\/wp\/v2\/pages\/3693#wpcf7-f3186-o1\" method=\"post\" class=\"wpcf7-form\" novalidate=\"novalidate\">\n<div style=\"display: none;\">\n<input type=\"hidden\" name=\"_wpcf7\" value=\"3186\" \/>\n<input type=\"hidden\" name=\"_wpcf7_version\" value=\"5.0.4\" \/>\n<input type=\"hidden\" name=\"_wpcf7_locale\" value=\"fi\" \/>\n<input type=\"hidden\" name=\"_wpcf7_unit_tag\" value=\"wpcf7-f3186-o1\" \/>\n<input type=\"hidden\" name=\"_wpcf7_container_post\" value=\"0\" \/>\n<\/div>\n<p><label> Nimi (pakollinen)<br \/>\n    <span class=\"wpcf7-form-control-wrap your-name\"><input type=\"text\" name=\"your-name\" value=\"\" size=\"40\" class=\"wpcf7-form-control wpcf7-text wpcf7-validates-as-required\" aria-required=\"true\" aria-invalid=\"false\" \/><\/span> <\/label><\/p>\n<p><label> S\u00e4hk\u00f6posti (pakollinen)<br \/>\n    <span class=\"wpcf7-form-control-wrap your-email\"><input type=\"email\" name=\"your-email\" value=\"\" size=\"40\" class=\"wpcf7-form-control wpcf7-text wpcf7-email wpcf7-validates-as-required wpcf7-validates-as-email\" aria-required=\"true\" aria-invalid=\"false\" \/><\/span> <\/label><\/p>\n<p><label> Sarja (pakollinen)<br \/>\n    <span class=\"wpcf7-form-control-wrap sarja\"><input type=\"text\" name=\"sarja\" value=\"\" size=\"40\" class=\"wpcf7-form-control wpcf7-text wpcf7-validates-as-required\" aria-required=\"true\" aria-invalid=\"false\" \/><\/span> <\/label><\/p>\n<p><label> Matka (pakollinen)<br \/>\n<span class=\"wpcf7-form-control-wrap menu-214\"><select name=\"menu-214\" class=\"wpcf7-form-control wpcf7-select wpcf7-validates-as-required\" aria-required=\"true\" aria-invalid=\"false\"><option value=\"5 kilometri\u00e4\">5 kilometri\u00e4<\/option><option value=\"10 kilometri\u00e4\">10 kilometri\u00e4<\/option><option value=\"Puolimaraton\">Puolimaraton<\/option><\/select><\/span><\/p>\n<p><label> Seura\/asuinkunta\/tai joku muu ryhm\u00e4 (pakollinen)<br \/>\n    <span class=\"wpcf7-form-control-wrap seura\"><input type=\"text\" name=\"seura\" value=\"\" size=\"40\" class=\"wpcf7-form-control wpcf7-text wpcf7-validates-as-required\" aria-required=\"true\" aria-invalid=\"false\" \/><\/span> <\/label><\/p>\n<p><label> Muuta tietoa<br \/>\n    <span class=\"wpcf7-form-control-wrap your-message\"><textarea name=\"your-message\" cols=\"40\" rows=\"10\" class=\"wpcf7-form-control wpcf7-textarea\" aria-invalid=\"false\"><\/textarea><\/span> <\/label><\/p>\n<p><input type=\"submit\" value=\"L\u00e4het\u00e4\" class=\"wpcf7-form-control wpcf7-submit\" \/><\/p>\n<div class=\"wpcf7-response-output wpcf7-display-none\"><\/div><\/form><\/div><\/div>\n\t\t\t\t<\/div>\n\t\t\t\t<\/div>\n\t\t\t\t\t<\/div>\n\t\t<\/div>\n\t\t\t\t<div class=\"elementor-column elementor-col-50 elementor-inner-column elementor-element elementor-element-5fd020d\" data-id=\"5fd020d\" data-element_type=\"column\" data-settings=\"{&quot;background_background&quot;:&quot;classic&quot;}\">\n\t\t\t<div class=\"elementor-widget-wrap elementor-element-populated\">\n\t\t\t\t\t\t\t\t<div class=\"elementor-element elementor-element-f3d0f48 elementor-widget elementor-widget-heading\" data-id=\"f3d0f48\" data-element_type=\"widget\" data-widget_type=\"heading.default\">\n\t\t\t\t<div class=\"elementor-widget-container\">\n\t\t\t<h2 class=\"elementor-heading-title elementor-size-default\">Ilmoittauminen s\u00e4hk\u00f6postitse<\/h2>\t\t<\/div>\n\t\t\t\t<\/div>\n\t\t\t\t<div class=\"elementor-element elementor-element-83012cf elementor-widget elementor-widget-text-editor\" data-id=\"83012cf\" data-element_type=\"widget\" data-widget_type=\"text-editor.default\">\n\t\t\t\t<div class=\"elementor-widget-container\">\n\t\t\t\t\t<div class=\"elementor-text-editor elementor-clearfix\"><p>Kisaan voit ilmoittautua my\u00f6s l\u00e4hett\u00e4m\u00e4ll\u00e4 s\u00e4hk\u00f6postia osoitteeseen <span style=\"text-decoration: underline;\">kilpa@lnmyu.fi<\/span>. Viestiss\u00e4 ilmoita seuraavat tiedot. Nimi, seura\/kunta\/ty\u00f6paikka, sarja ja matka.<\/p><\/div>\n\t\t\t\t<\/div>\n\t\t\t\t<\/div>\n\t\t\t\t<div class=\"elementor-element elementor-element-9c000e4 elementor-widget elementor-widget-heading\" data-id=\"9c000e4\" data-element_type=\"widget\" data-widget_type=\"heading.default\">\n\t\t\t\t<div class=\"elementor-widget-container\">\n\t\t\t<h2 class=\"elementor-heading-title elementor-size-default\">Ilmoittauminen kilpailukalenterin kautta<\/h2>\t\t<\/div>\n\t\t\t\t<\/div>\n\t\t\t\t<div class=\"elementor-element elementor-element-3b1c6ca elementor-widget elementor-widget-text-editor\" data-id=\"3b1c6ca\" data-element_type=\"widget\" data-widget_type=\"text-editor.default\">\n\t\t\t\t<div class=\"elementor-widget-container\">\n\t\t\t\t\t<div class=\"elementor-text-editor elementor-clearfix\"><p>Kisaan voit ilmoittautua my\u00f6s\u00a0<a href=\"https:\/\/www.kilpailukalenteri.fi\/?cs=16&amp;nid=28927\" target=\"_blank\" rel=\"noopener\">kilpailukalenterin<\/a>\u00a0kautta, jos sinulla on voimassa oleva SUL:n yleisurheilulisenssi.<\/p><\/div>\n\t\t\t\t<\/div>\n\t\t\t\t<\/div>\n\t\t\t\t<div class=\"elementor-element elementor-element-6cb3eed elementor-position-left elementor-view-default elementor-vertical-align-top elementor-widget elementor-widget-icon-box\" data-id=\"6cb3eed\" data-element_type=\"widget\" data-widget_type=\"icon-box.default\">\n\t\t\t\t<div class=\"elementor-widget-container\">\n\t\t\t\t\t<div class=\"elementor-icon-box-wrapper\">\n\t\t\t\t\t\t<div class=\"elementor-icon-box-icon\">\n\t\t\t\t<span class=\"elementor-icon elementor-animation-\" >\n\t\t\t\t<i aria-hidden=\"true\" class=\"fas fa-info-circle\"><\/i>\t\t\t\t<\/span>\n\t\t\t<\/div>\n\t\t\t\t\t\t<div class=\"elementor-icon-box-content\">\n\t\t\t\t<h3 class=\"elementor-icon-box-title\">\n\t\t\t\t\t<span >Ennakkoilmoittautumismaksut<\/span>\n\t\t\t\t<\/h3>\n\t\t\t\t\t\t\t\t<p class=\"elementor-icon-box-description\">Ilmoittaudu ennakkoon edullisempaan hintaan 1.7.2021 klo 23.59 menness\u00e4. T\u00e4m\u00e4n j\u00e4lkeen ilmoittautumiset paikan p\u00e4\u00e4ll\u00e4 kisap\u00e4iv\u00e4n\u00e4.<br><br><b><big>5 km = 15 \u20ac<\/big><\/b><br><b><big>10 km = 20 \u20ac<\/big><\/b><br><b><big>Puolimaraton = 30 \u20ac<\/big><\/b><br><br>\nEnnakkoilmoittautumismaksut maksetaan yleisurheilujaoston<br> tilille\n<b>FI31 5233 0820 0163 58<\/b> heti ilmoittautumisen yhteydess\u00e4. <br>Viestikentt\u00e4\u00e4n nimi ja seura.\n<\/p>\n\t\t\t\t\t\t\t<\/div>\n\t\t<\/div>\n\t\t\t\t<\/div>\n\t\t\t\t<\/div>\n\t\t\t\t<div class=\"elementor-element elementor-element-c1fa052 elementor-widget-divider--view-line elementor-widget elementor-widget-divider\" data-id=\"c1fa052\" data-element_type=\"widget\" data-widget_type=\"divider.default\">\n\t\t\t\t<div class=\"elementor-widget-container\">\n\t\t\t\t\t<div class=\"elementor-divider\">\n\t\t\t<span class=\"elementor-divider-separator\">\n\t\t\t\t\t\t<\/span>\n\t\t<\/div>\n\t\t\t\t<\/div>\n\t\t\t\t<\/div>\n\t\t\t\t<div class=\"elementor-element elementor-element-10cec26 elementor-widget elementor-widget-heading\" data-id=\"10cec26\" data-element_type=\"widget\" data-widget_type=\"heading.default\">\n\t\t\t\t<div class=\"elementor-widget-container\">\n\t\t\t<h2 class=\"elementor-heading-title elementor-size-default\">J\u00e4lki-ilmoittautuminen<\/h2>\t\t<\/div>\n\t\t\t\t<\/div>\n\t\t\t\t<div class=\"elementor-element elementor-element-2440c4d elementor-widget elementor-widget-text-editor\" data-id=\"2440c4d\" data-element_type=\"widget\" data-widget_type=\"text-editor.default\">\n\t\t\t\t<div class=\"elementor-widget-container\">\n\t\t\t\t\t<div class=\"elementor-text-editor elementor-clearfix\"><p>Kisaan voit ilmoittautua my\u00f6s paikanp\u00e4\u00e4ll\u00e4 kisap\u00e4iv\u00e4n\u00e4. Kisakanslia avataan klo 14:00, jonka j\u00e4lkeen otetaan j\u00e4lki-ilmoittautumisia vastaan.<\/p><p style=\"font-weight: inherit !important; font-style: inherit !important;\">J\u00e4lki-ilmoittautumismaksut paikanp\u00e4\u00e4ll\u00e4:\u00a0<span style=\"font-style: inherit; font-weight: inherit; color: var( --e-global-color-text ); font-family: var( --e-global-typography-text-font-family ), Sans-serif;\">5 km = 20 \u20ac \/ 10 km = 25 \u20ac \/ puolimaraton = 40 \u20ac<\/span><\/p><\/div>\n\t\t\t\t<\/div>\n\t\t\t\t<\/div>\n\t\t\t\t\t<\/div>\n\t\t<\/div>\n\t\t\t\t\t\t\t<\/div>\n\t\t<\/section>\n\t\t\t\t\t<\/div>\n\t\t<\/div>\n\t\t\t\t\t\t\t<\/div>\n\t\t<\/section>\n\t\t\t\t<section class=\"elementor-section elementor-top-section elementor-element elementor-element-86aa2a5 elementor-section-boxed elementor-section-height-default elementor-section-height-default\" data-id=\"86aa2a5\" data-element_type=\"section\">\n\t\t\t\t\t\t<div class=\"elementor-container elementor-column-gap-default\">\n\t\t\t\t\t<div class=\"elementor-column elementor-col-100 elementor-top-column elementor-element elementor-element-7a226b2\" data-id=\"7a226b2\" data-element_type=\"column\">\n\t\t\t<div class=\"elementor-widget-wrap elementor-element-populated\">\n\t\t\t\t\t\t\t\t<div class=\"elementor-element elementor-element-6888cb5 elementor-widget-divider--view-line elementor-widget elementor-widget-divider\" data-id=\"6888cb5\" data-element_type=\"widget\" data-widget_type=\"divider.default\">\n\t\t\t\t<div class=\"elementor-widget-container\">\n\t\t\t\t\t<div class=\"elementor-divider\">\n\t\t\t<span class=\"elementor-divider-separator\">\n\t\t\t\t\t\t<\/span>\n\t\t<\/div>\n\t\t\t\t<\/div>\n\t\t\t\t<\/div>\n\t\t\t\t<section class=\"elementor-section elementor-inner-section elementor-element elementor-element-fc72020 elementor-section-boxed elementor-section-height-default elementor-section-height-default\" data-id=\"fc72020\" data-element_type=\"section\">\n\t\t\t\t\t\t<div class=\"elementor-container elementor-column-gap-default\">\n\t\t\t\t\t<div class=\"elementor-column elementor-col-33 elementor-inner-column elementor-element elementor-element-1fc09f3\" data-id=\"1fc09f3\" data-element_type=\"column\" data-settings=\"{&quot;background_background&quot;:&quot;classic&quot;}\">\n\t\t\t<div class=\"elementor-widget-wrap elementor-element-populated\">\n\t\t\t\t\t\t\t\t<div class=\"elementor-element elementor-element-ed14e97 elementor-widget elementor-widget-heading\" data-id=\"ed14e97\" data-element_type=\"widget\" data-widget_type=\"heading.default\">\n\t\t\t\t<div class=\"elementor-widget-container\">\n\t\t\t<h2 class=\"elementor-heading-title elementor-size-default\">SARJAT JA MATKAT<\/h2>\t\t<\/div>\n\t\t\t\t<\/div>\n\t\t\t\t<div class=\"elementor-element elementor-element-dde43a7 elementor-widget elementor-widget-text-editor\" data-id=\"dde43a7\" data-element_type=\"widget\" data-widget_type=\"text-editor.default\">\n\t\t\t\t<div class=\"elementor-widget-container\">\n\t\t\t\t\t<div class=\"elementor-text-editor elementor-clearfix\"><p style=\"margin: 0cm 0cm 11.25pt; text-align: center;\"><span style=\"color: var( --e-global-color-text ); font-family: var( --e-global-typography-text-font-family ), Sans-serif;\"><span style=\"font-size: 10.5pt; font-family: 'Open Sans'; color: #5e7f96;\"><b>5 km<br \/><\/b><\/span><\/span><span style=\"color: #5e7f96; font-family: 'Open Sans'; font-size: 10.5pt; font-weight: var( --e-global-typography-text-font-weight );\">H\u00f6lkk\u00e4sarja (M\/N)<br \/><\/span><span style=\"color: #5e7f96; font-family: 'Open Sans'; font-size: 10.5pt; font-weight: var( --e-global-typography-text-font-weight );\">P\/T15<br \/><\/span><span style=\"color: #5e7f96; font-family: 'Open Sans'; font-size: 10.5pt; font-weight: var( --e-global-typography-text-font-weight );\">M\/N17<br \/><\/span><span style=\"color: #5e7f96; font-family: 'Open Sans'; font-size: 10.5pt; font-weight: var( --e-global-typography-text-font-weight );\">M\/N70<br \/><\/span><span style=\"color: #5e7f96; font-family: 'Open Sans'; font-size: 10.5pt; font-weight: var( --e-global-typography-text-font-weight );\">M\/N75<\/span><\/p><p style=\"margin: 0cm 0cm 11.25pt; text-align: center;\"><strong style=\"color: var( --e-global-color-text ); font-family: var( --e-global-typography-text-font-family ), Sans-serif;\"><span style=\"font-size: 10.5pt; font-family: 'Open Sans'; color: #5e7f96;\">10 km<br \/><\/span><\/strong><span style=\"color: #5e7f96; font-family: 'Open Sans'; font-size: 10.5pt; font-weight: var( --e-global-typography-text-font-weight );\">H\u00f6lkk\u00e4sarja (M\/N)<br \/><\/span><span style=\"color: #5e7f96; font-family: 'Open Sans'; font-size: 10.5pt; font-weight: var( --e-global-typography-text-font-weight );\">M\/N yl\/40\/45\/50\/55\/60\/65<\/span><\/p><p style=\"margin: 0cm 0cm 11.25pt; text-align: center;\"><span style=\"color: var( --e-global-color-text ); font-family: var( --e-global-typography-text-font-family ), Sans-serif;\"><span style=\"font-size: 10.5pt; font-family: 'Open Sans'; color: #5e7f96;\"><b>PUOLIMARATON<br \/><\/b><\/span><\/span><span style=\"color: #5e7f96; font-family: 'Open Sans'; font-size: 10.5pt; font-weight: var( --e-global-typography-text-font-weight );\">M\/N yleinen<br \/><\/span><span style=\"color: #5e7f96; font-family: 'Open Sans'; font-size: 10.5pt; font-weight: var( --e-global-typography-text-font-weight );\">H\u00f6lkk\u00e4sarja (M\/N)<\/span><\/p><\/div>\n\t\t\t\t<\/div>\n\t\t\t\t<\/div>\n\t\t\t\t\t<\/div>\n\t\t<\/div>\n\t\t\t\t<div class=\"elementor-column elementor-col-33 elementor-inner-column elementor-element elementor-element-fc418c3\" data-id=\"fc418c3\" data-element_type=\"column\">\n\t\t\t<div class=\"elementor-widget-wrap elementor-element-populated\">\n\t\t\t\t\t\t\t\t<div class=\"elementor-element elementor-element-5586f45 elementor-widget elementor-widget-image\" data-id=\"5586f45\" data-element_type=\"widget\" data-widget_type=\"image.default\">\n\t\t\t\t<div class=\"elementor-widget-container\">\n\t\t\t\t\t<div class=\"elementor-image\">\n\t\t\t\t\t\t\t\t\t\t<img width=\"847\" height=\"773\" src=\"http:\/\/lnmyu.fi\/rantalakeusjuoksu\/wp-content\/uploads\/sites\/3\/2021\/06\/Lastenjuoksu.jpg\" class=\"attachment-large size-large\" alt=\"\" loading=\"lazy\" srcset=\"http:\/\/lnmyu.fi\/rantalakeusjuoksu\/wp-content\/uploads\/sites\/3\/2021\/06\/Lastenjuoksu.jpg 865w, http:\/\/lnmyu.fi\/rantalakeusjuoksu\/wp-content\/uploads\/sites\/3\/2021\/06\/Lastenjuoksu-300x274.jpg 300w, http:\/\/lnmyu.fi\/rantalakeusjuoksu\/wp-content\/uploads\/sites\/3\/2021\/06\/Lastenjuoksu-768x701.jpg 768w, http:\/\/lnmyu.fi\/rantalakeusjuoksu\/wp-content\/uploads\/sites\/3\/2021\/06\/Lastenjuoksu-567x517.jpg 567w\" sizes=\"(max-width: 847px) 100vw, 847px\" \/>\t\t\t\t\t\t\t\t\t\t\t<\/div>\n\t\t\t\t<\/div>\n\t\t\t\t<\/div>\n\t\t\t\t\t<\/div>\n\t\t<\/div>\n\t\t\t\t<div class=\"elementor-column elementor-col-33 elementor-inner-column elementor-element elementor-element-d1e2040\" data-id=\"d1e2040\" data-element_type=\"column\" data-settings=\"{&quot;background_background&quot;:&quot;classic&quot;}\">\n\t\t\t<div class=\"elementor-widget-wrap elementor-element-populated\">\n\t\t\t\t\t\t\t\t<div class=\"elementor-element elementor-element-22f1482 elementor-widget elementor-widget-spacer\" data-id=\"22f1482\" data-element_type=\"widget\" data-widget_type=\"spacer.default\">\n\t\t\t\t<div class=\"elementor-widget-container\">\n\t\t\t\t\t<div class=\"elementor-spacer\">\n\t\t\t<div class=\"elementor-spacer-inner\"><\/div>\n\t\t<\/div>\n\t\t\t\t<\/div>\n\t\t\t\t<\/div>\n\t\t\t\t<div class=\"elementor-element elementor-element-604c1e6 elementor-widget elementor-widget-heading\" data-id=\"604c1e6\" data-element_type=\"widget\" data-widget_type=\"heading.default\">\n\t\t\t\t<div class=\"elementor-widget-container\">\n\t\t\t<h2 class=\"elementor-heading-title elementor-size-default\">Lasten ja  nuorten juoksut<\/h2>\t\t<\/div>\n\t\t\t\t<\/div>\n\t\t\t\t<div class=\"elementor-element elementor-element-47b425e elementor-widget elementor-widget-text-editor\" data-id=\"47b425e\" data-element_type=\"widget\" data-widget_type=\"text-editor.default\">\n\t\t\t\t<div class=\"elementor-widget-container\">\n\t\t\t\t\t<div class=\"elementor-text-editor elementor-clearfix\"><p style=\"text-align: center;\">Lasten ja nuorten juoksuihin ilmoittautumisia otetaan kisakansliassa vastaan klo 14:00-15:15 v\u00e4lisen\u00e4 aikana.\u00a0<strong>Lasten ja nuorten juoksussa ei ole osallistumismaksua<\/strong>. Kaikki osallistujat palkitaan maalissa ja T\/P 9, 11 ja 13 sarjojen kolme parasta palkitaan viel\u00e4 erikseen.<\/p><p style=\"font-weight: inherit !important; font-style: inherit !important; text-align: center;\"><strong>Sarjat ja matkat:<\/strong><br \/>Tyt\u00f6t ja pojat 9\/11\/13 \u2013 1,2 km<br \/>Lasten minimaantiejuoksu \u2013 n. 300 m<\/p><\/div>\n\t\t\t\t<\/div>\n\t\t\t\t<\/div>\n\t\t\t\t\t<\/div>\n\t\t<\/div>\n\t\t\t\t\t\t\t<\/div>\n\t\t<\/section>\n\t\t\t\t\t<\/div>\n\t\t<\/div>\n\t\t\t\t\t\t\t<\/div>\n\t\t<\/section>\n\t\t\t\t\t\t<\/div>\n\t\t\t\t\t<\/div>\n\t\t","protected":false},"excerpt":{"rendered":"<p>Ilmoittaudu kisaan t\u00e4ytt\u00e4m\u00e4ll\u00e4 ja l\u00e4hett\u00e4m\u00e4ll\u00e4 alla oleva lomake. T\u00e4yt\u00e4 kaikki kohdat huolellisesti. Ilmoittauminen s\u00e4hk\u00f6postitse Kisaan voit ilmoittautua my\u00f6s l\u00e4hett\u00e4m\u00e4ll\u00e4 s\u00e4hk\u00f6postia osoitteeseen kilpa@lnmyu.fi. Viestiss\u00e4 ilmoita seuraavat tiedot. Nimi, seura\/kunta\/ty\u00f6paikka, sarja ja matka. Ilmoittauminen kilpailukalenterin kautta Kisaan voit ilmoittautua my\u00f6s\u00a0kilpailukalenterin\u00a0kautta, jos sinulla on voimassa oleva SUL:n yleisurheilulisenssi.[&#8230;]<\/p>\n","protected":false},"author":1,"featured_media":0,"parent":0,"menu_order":0,"comment_status":"closed","ping_status":"closed","template":"","meta":{"_ti_tpc_template_sync":false,"_ti_tpc_template_id":""},"_links":{"self":[{"href":"http:\/\/lnmyu.fi\/rantalakeusjuoksu\/wp-json\/wp\/v2\/pages\/3693"}],"collection":[{"href":"http:\/\/lnmyu.fi\/rantalakeusjuoksu\/wp-json\/wp\/v2\/pages"}],"about":[{"href":"http:\/\/lnmyu.fi\/rantalakeusjuoksu\/wp-json\/wp\/v2\/types\/page"}],"author":[{"embeddable":true,"href":"http:\/\/lnmyu.fi\/rantalakeusjuoksu\/wp-json\/wp\/v2\/users\/1"}],"replies":[{"embeddable":true,"href":"http:\/\/lnmyu.fi\/rantalakeusjuoksu\/wp-json\/wp\/v2\/comments?post=3693"}],"version-history":[{"count":112,"href":"http:\/\/lnmyu.fi\/rantalakeusjuoksu\/wp-json\/wp\/v2\/pages\/3693\/revisions"}],"predecessor-version":[{"id":4284,"href":"http:\/\/lnmyu.fi\/rantalakeusjuoksu\/wp-json\/wp\/v2\/pages\/3693\/revisions\/4284"}],"wp:attachment":[{"href":"http:\/\/lnmyu.fi\/rantalakeusjuoksu\/wp-json\/wp\/v2\/media?parent=3693"}],"curies":[{"name":"wp","href":"https:\/\/api.w.org\/{rel}","templated":true}]}}